s digit of 247413971?
1
What is the hundred millions digit of 502555064?
5
What is the tens digit of 28418579?
7
What is the millions digit of 83458003?
3
What is the hundreds digit of 679399536?
5
What is the ten millions digit of 66482518?
6
What is the hundreds digit of 524994954?
9
What is the ten thousands digit of 480378159?
7
What is the billions digit of 4752759915?
4
What is the ten thousands digit of 922243890?
4
What is the tens digit of 28757881?
8
What is the ten thousands digit of 34285798?
8
What is the ten millions digit of 145378298?
4
What is the millions digit of 423328313?
3
What is the hundred thousands digit of 37383406?
3
What is the thousands digit of 8691801593?
1
What is the millions digit of 674389979?
4
What is the ten thousands digit of 397084871?
8
What is the hundred thousands digit of 17882319?
8
What is the millions digit of 2604015038?
4
What is the ten thousands digit of 1010386525?
8
What is the hundreds digit of 316183913?
9
What is the hundred millions digit of 547720746?
5
What is the thousands digit of 1116702600?
2
What is the thousands digit of 691249638?
9
What is the ten thousands digit of 29329580?
2
What is the hundreds digit of 350192517?
5
What is the tens digit of 884156460?
6
What is the millions digit of 26657850?
6
What is the units digit of 813804777?
7
What is the hundred millions digit of 1065889069?
0
What is the millions digit of 1487972631?
7
What is the tens digit of 152735086?
8
What is the millions digit of 4057902667?
7
What is the hundred thousands digit of 3547223954?
2
What is the ten millions digit of 50817258?
5
What is the thousands digit of 26654864?
4
What is the hundreds digit of 45085422?
4
What is the hundred thousands digit of 6426816125?
8
What is the millions digit of 1818220792?
8
What is the units digit of 194422302?
2
What is the hundreds digit of 87228308?
3
What is the ten thousands digit of 601734027?
3
What is the hundred millions digit of 125517054?
1
What is the millions digit of 320934030?
0
What is the ten millions digit of 1608179593?
0
What is the units digit of 477725232?
2
What is the hundred millions digit of 1803567224?
8
What is the thousands digit of 15797771?
7
What is the units digit of 1030881067?
7
What is the millions digit of 689084503?
9
What is the tens digit of 3089836834?
3
What is the hundred thousands digit of 1053616473?
6
What is the hundred thousands digit of 931285231?
2
What is the ten thousands digit of 791615924?
1
What is the hundreds digit of 587113294?
2
What is the ten millions digit of 220464436?
2
What is the hundreds digit of 2714985?
9
What is the tens digit of 3705897267?
6
What is the ten millions digit of 527493786?
2
What is the hundred thousands digit of 6837834408?
8
What is the hundreds digit of 317303614?
6
What is the ten millions digit of 494958556?
9
What is the hundreds digit of 492917812?
8
What is the ten thousands digit of 3175706067?
0
What is the ten thousands digit of 92496001?
9
What is the millions digit of 19538406?
9
What is the ten thousands digit of 41261929?
6
What is the units digit of 354831727?
7
What is the hundreds digit of 36534964?
9
What is the millions digit of 42763889?
2
What is the millions digit of 903797853?
3
What is the billions digit of 8401653920?
8
What is the ten thousands digit of 59337028?
3
What is the thousands digit of 255836475?
6
What is the hundred thousands digit of 208821254?
8
What is the tens digit of 10874292?
9
What is the ten thousands digit of 776655614?
5
What is the units digit of 64099056?
6
What is the thousands digit of 6697788975?
8
What is the thousands digit of 2003578637?
8
What is the tens digit of 68718990?
9
What is the tens digit of 23243838?
3
What is the hundred thousands digit of 40332425?
3
What is the millions digit of 51977082?
1
What is the units digit of 1716806723?
3
What is the tens digit of 365655651?
5
What is the thousands digit of 216913912?
3
What is the ten thousands digit of 70479799?
7
What is the millions digit of 114159514?
4
What is the ten millions digit of 958660230?
5
What is the thousands digit of 98805843?
5
What is the ten thousands digit of 53877074?
7
What is the hundreds digit of 311984806?
8
What is the hundred thousands digit of 104854542?
8
What is the thousands digit of 889957030?
7
What is the millions digit of 374052878?
4
What is the hundred thousands digit of 101101166?
1
What is the ten thousands digit of 266518229?
1
What is the ten millions digit of 29769373?
2
What is the hundreds digit of 907479750?
7
What is the units digit of 89600832?
2
What is the tens digit of 729962522?
2
What is the units digit of 96543193?
3
What is the millions digit of 36990585?
6
What is the thousands digit of 2684099615?
9
What is the ten millions digit of 824263043?
2
What is the hundred thousands digit of 4345386587?
3
What is the hundred thousands digit of 1552902555?
9
What is the millions digit of 872471250?
2
What is the ten millions digit of 10152199?
1
What is the hundreds digit of 2462685753?
7
What is the thousands digit of 12175032?
5
What is the thousands digit of 9626702?
6
What is the units digit of 350948318?
8
What is the units digit of 15187727?
7
What is the millions digit of 27933872?
7
What is the thousands digit of 5366488874?
8
What is the hundreds digit of 252497099?
0
What is the thousands digit of 139920567?
0
What is the ten thousands digit of 930455263?
5
What is the thousands digit of 453635924?
5
What is the tens digit of 4506546891?
9
What is the units digit of 183016367?
7
What is the tens digit of 35292043?
4
What is the hundreds digit of 5909133770?
7
What is the tens digit of 604156852?
5
What is the units digit of 41050771?
1
What is the units digit of 1111127626?
6
What is the units digit of 110869118?
8
What is the tens digit of 1177252455?
5
What is the units digit of 300098072?
2
What is the millions digit of 267630732?
7
What is the hundred millions digit of 258883421?
2
What is the hundreds digit of 62409643?
6
What is the ten thousands digit of 2808375626?
7
What is the hundred millions digit of 3985290744?
9
What is the ten millions digit of 117288138?
1
What is the hundred thousands digit of 82223992?
2
What is the ten thousands digit of 186343923?
4
What is the hundred millions digit of 692393661?
6
What is the millions digit of 271274220?
1
What is the millions digit of 2238036538?
8
What is the ten thousands digit of 1094630996?
3
What is the thousands digit of 68404143?
4
What is the thousands digit of 1139080540?
0
What is the billions digit of 3084866253?
3
What is the ten millions digit of 66940419?
6
What is the hundred thousands digit of 6347312?
3
What is the ten millions digit of 37175385?
3
What is the ten thousands digit of 60612283?
1
What is the millions digit of 259085562?
9
What is the billions digit of 1226791609?
1
What is the hundred thousands digit of 10752766?
7
What is the ten thousands digit of 1999046423?
4
What is the thousands digit of 47240216?
0
What is the hundreds digit of 450178750?
7
What is the millions digit of 857196927?
7
What is the millions digit of 140531294?
0
What is the ten millions digit of 325353736?
2
What is the ten thousands digit of 26572?
2
What is the ten thousands digit of 258605764?
0
What is the hundred thousands digit of 154766352?
7
What is the hundreds digit of 12316401?
4
What is the tens digit of 186239607?
0
What is the ten millions digit of 47805601?
4
What is the ten thousands digit of 229753316?
5
What is the ten millions digit of 2312642348?
1
What is the ten millions digit of 820488108?
2
What is the thousands digit of 1450385393?
5
What is the units digit of 106862948?
8
What is the millions digit of 422230140?
2
What is the units digit of 868733757?
7
What is the millions digit of 227009682?
7
What is the hundred millions digit of 155746142?
1
What is the ten millions digit of 906386048?
0
What is the thousands digit of 137382585?
2
What is the hundred millions digit of 789235828?
7
What is the ten thousands digit of 38094842?
9
What is the thousands digit of 1276447333?
7
What is the millions digit of 2144221?
2
What is the hundreds digit of 108826121?
1
What is the ten thousands digit of 43094181?
9
What is the tho